17, 26 = -5*i - l*m. Let h = 10 + i. What are the prime factors of h?
2, 3
Suppose -2*x - 2*v - v + 65 = 0, 15 = 5*v. What are the prime factors of x?
2, 7
Let g(u) = -33*u**3 - u**2 + u + 3. What are the prime factors of g(-2)?
3, 29
List the prime factors of (1 - 0/(-4)) + 2.
3
Let o(w) = w + 5. Let g be o(4). Let f = g + -3. List the prime factors of f.
2, 3
Suppose 60 = 4*d - 12. List the prime factors of d.
2, 3
List the prime factors of 89 + (-1 - 1) + 4.
7, 13
What are the prime factors of (1*-263)/(10/(-10))?
263
Suppose 3*h = -h + 8. Let c be (h/(-4))/(1/2). Let y(t) = -10*t**3 - t**2 + t + 1. What are the prime factors of y(c)?
3
Let y(s) = 3*s + 2. Let m be y(3). Let o = m + 4. Let f = 21 - o. What are the prime factors of f?
2, 3
Suppose -5*y - 6*y + 2497 = 0. List the prime factors of y.
227
Let l be 44/6 - (-3)/(-9). Suppose 2*k = l + 9. What are the prime factors of k?
2
Let j(l) = -3*l + 8. Let t be j(7). Let p(b) = -b. What are the prime factors of p(t)?
13
Let b = 7 - 5. Suppose -b*y = y - 30. What are the prime factors of y?
2, 5
Let f(x) = 3*x + 12. Let y(n) = -16*n - 61. Let j(u) = 11*f(u) + 2*y(u). Let w be j(-10). Suppose w = 5*m - 0*m - 10. List the prime factors of m.
2
Let b be (6 + 0)/(-3)*-2. Suppose 12 - 60 = -b*j. What are the prime factors of j?
2, 3
Let i be -4*(-38)/4*-2. Let p = i + 114. What are the prime factors of p?
2, 19
Let l(a) be the second derivative of a**3/3 + 3*a**2 - a. Let z be l(-7). What are the prime factors of 4/16 + (-94)/z?
2, 3
Let t(a) = -a**3 - 11*a**2 + 12*a + 8. List the prime factors of t(-13).
2, 5, 19
Let u = -2 - 0. Let r = 22 + -32. List the prime factors of (-124)/r - u/(-5).
2, 3
List the prime factors of (-6 - -4 - -1)/(1/(-51)).
3, 17
Let j(s) = 34*s - 45. What are the prime factors of j(9)?
3, 29
Suppose j = -2*j - 57. Let x = j + 57. Let u = x - 24. What are the prime factors of u?
2, 7
Let p = 6 + -3. Suppose p*y = 4*y - 27. List the prime factors of (y/6)/((-1)/(-2)).
3
Suppose 8 = k - 37. Let d = k + -32. What are the prime factors of d?
13
Suppose -c - 2*c + 18 = -3*g, 8 = -2*c. Let r = -17 + 33. Let d = g + r. List the prime factors of d.
2, 3
Let t = 9 + -16. Suppose 0 = 4*u - h - 99, 0 = -0*u + 5*u - 2*h - 120. Let g = u + t. What are the prime factors of g?
19
Suppose -45 = -2*v + v. What are the prime factors of v?
3, 5
Let m(y) = -3*y - 6. List the prime factors of m(-5).
3
Let r be (5/(-3)*-3)/1. Suppose r*i = 17 + 3. What are the prime factors of i?
2
Let i(b) = b**3 + 8*b**2 + 8*b + 8. List the prime factors of i(-5).
43
Let n(u) be the second derivative of u**5/20 - 11*u**4/12 + 5*u**3/3 + 9*u**2/2 + 4*u. Let v be n(10). Suppose 3*y + 0*y = v. List the prime factors of y.
3
Let y(u) = -3*u + u**2 - 2*u**2 + 2 - 4*u + 0*u**2. What are the prime factors of y(-6)?
2
Let p(f) = 5*f**2 - 7*f - 19. List the prime factors of p(-3).
47
Let h(t) = -7*t + 5. Let r be h(-4). List the prime factors of (-4)/(-6)*r/2.
11
Let y(u) = u**3 - 8*u**2 + 6*u + 9. Let p be y(7). Suppose p*o - 10 = -5*d, o = -0*o + 2*d + 23. What are the prime factors of o?
3, 5
Let y(n) be the first derivative of -n**3/3 - 9*n**2/2 - 8*n - 3. Let p be y(-6). List the prime factors of (-6)/(-15) - (-146)/p.
3, 5
Suppose 4*q - 5 = -3*a + 5, -3*q = 2*a - 6. What are the prime factors of a?
2, 3
Suppose 7*n + 280 = 11*n. What are the prime factors of n?
2, 5, 7
Suppose -3*r = t - 104, -3*r + 3*t - 2*t + 100 = 0. List the prime factors of r.
2, 17
Suppose -11 = -2*s - 5*t + 38, 4*s = 2*t + 110. List the prime factors of s.
3
Suppose 0 = a - 8 - 12. List the prime factors of (4/4 - 2) + a.
19
Let c(o) = -14*o - 10. List the prime factors of c(-4).
2, 23
Let x = -4 + 32. Suppose -b = -5*b + x. What are the prime factors of b?
7
Let t(d) = -d**2 + 43. Let k be t(0). Let s = k + -16. What are the prime factors of s?
3
Suppose 5*n + 27 = 3*b, -n + 11 = -3*b + 38. Let y be 25/(-3)*b/(-3). Let f = y + -15. What are the prime factors of f?
2, 5
Let q(p) be the second derivative of 5*p**4/12 - p**3/6 - p**2 - 3*p. What are the prime factors of q(2)?
2
Suppose 4*n = -g - 2*g + 35, 2*n + 5*g - 35 = 0. Suppose 101 - 36 = n*p. List the prime factors of p.
13
Let x(q) = q**3 - 8*q**2 + 5. Let y be (19/4)/((-2)/(-16)). Suppose 0*h = -u - 5*h + 3, -5*u = 2*h - y. List the prime factors of x(u).
5
Let a(p) = 2*p**2 - 1. List the prime factors of a(-4).
31
Let b(j) = -j**2 - 14*j - 12. List the prime factors of b(-12).
2, 3
Let c(p) = p**3 + 8*p**2 + 11*p + 5. Let g be c(-7). Let a = 34 + g. List the prime factors of a.
11
Suppose s = 2*b - 521, -13 = -3*s + 2. List the prime factors of b.
263
Suppose -4*y + 0*z = 2*z - 376, 4*z = 4*y - 352. Suppose -y = -4*g - 0. List the prime factors of g.
23
Let h = 56 - 49. Let g = 5 - -5. Suppose -h = -m + g. What are the prime factors of m?
17
Suppose -17 = -5*a + 13. Let l(f) = f**2 + 3*f + 6. Let x be l(a). Suppose 2*z - x = -3*z. List the prime factors of z.
2, 3
Let t = 84 + -44. Suppose -t = -0*u - 4*u. List the prime factors of u.
2, 5
Let h(y) = 0*y + y**3 - 7*y - 8 - y + 5*y**2. List the prime factors of h(-6).
2
Let f(c) = c**3 + 2. Let g be f(0). Suppose -4 = 3*i - 5*l - 18, 4*i + g*l = 36. What are the prime factors of i?
2
Let a(z) = 6*z**2 - 18*z + 6. List the prime factors of a(5).
2, 3, 11
Let v be 9*2*(-3)/6. Let s(m) = m**3 + 9*m**2 + 13. Let o be s(-9). Let a = o + v. List the prime factors of a.
2
List the prime factors of (-4)/(-10) - 444/(-15).
2, 3, 5
What are the prime factors of (-36)/28 + 1 + (-1418)/(-14)?
101
Let f(b) = 2*b**2 + 4*b + 3. Let t be f(-2). Suppose 0 = x - 2*x + t. Suppose x*k - 24 = k. What are the prime factors of k?
2, 3
Let m be (-2)/(-1) + 1 + -10. Let n = 39 - m. Suppose 2*w = -4*y + n, -38 = 4*y - 7*y + 2*w. What are the prime factors of y?
2, 3
Let w(o) = -o**3 + 9*o**2 - 9*o + 12. Let p be w(8). Suppose 3 = p*f - 57. What are the prime factors of f?
3, 5
Suppose 4*n - z - 10 = -2, n = 4*z + 2. Suppose -7 = n*w - 3*w. List the prime factors of w.
7
Suppose 0 = -2*i + 8, 2*r = r + 5*i + 56. Suppose 25 - r = -l. List the prime factors of l.
3, 17
Let c(p) be the first derivative of -p**4/4 - 5*p**3/3 - p**2 + 3*p + 1. Let k be c(-3). Let s = k + 19. List the prime factors of s.
2, 5
Suppose 0*k + 7*k - 1869 = 0. What are the prime factors of k?
3, 89
Let z(b) = 3*b**2 + 9*b - 16. List the prime factors of z(4).
2, 17
Let j(y) = -y**3 - 2*y**2 - 11*y + 10. List the prime factors of j(-5).
2, 5, 7
Suppose t - 4*d = -8, -t + 2*d = 1 + 3. Let w(j) = j - 3. Let c be w(5). Suppose t = a + c*a - 27. What are the prime factors of a?
3
Let d = 11 + -6. Suppose -4*v + 2*f + 66 = 0, -35 = -d*v - 4*f + 28. List the prime factors of 3/v + (-94)/(-5).
19
Suppose 4*h - 82 = 3*h - 4*k, 5*h - 2*k = 366. What are the prime factors of h?
2, 37
Let s(g) = g**3 + 10*g**2 + 13*g + 9. What are the prime factors of s(-8)?
3, 11
Suppose 4*b + 4 = -8. Let o be (-5 - -2)/((-2)/(-6)). Let p = b - o. What are the prime factors of p?
2, 3
Let g(b) be the second derivative of -3/2*b**2 + 0 + 1/12*b**4 - 3*b + 1/3*b**3. What are the prime factors of g(-4)?
5
Let o be 1*(-6)/(-7)*196. Suppose -4*q = -2*q - o. Suppose 5*g - q + 24 = 0. What are the prime factors of g?
2, 3
Let g(f) = -f - 2. Suppose 4*t = -5*o - 34 + 13, 0 = 2*o + 2. Let b be g(t). Suppose b*k + 50 = 7*k. List the prime factors of k.
2, 5
Let i be 90/50 + (-2)/(-10). List the prime factors of -1 - (i - 4) - -21.
2, 11
Let d = 11 - 9. Let a(p) = -p**2 + 3*p + 1. Let q be a(d). Suppose -5*z + 29 = -0*i + 2*i, -z = q*i - 11. List the prime factors of z.
5
Suppose -2*a + 4 = 2*j, 2*j - 2 = -4*a + 2. Suppose 3*i + 32 = 2*h, -16 = -3*h + j*h - i. What are the prime factors of h?
2
Let d = -32 - -57. List the prime factors of d.
5
Suppose -2*h = 0, 10 = -5*t - 3*h - 2*h. Let m(f) = -f**3 - 4*f**2 + 2*f. Let v be m(-5). List the prime factors of 3/(-6) - v/t.
7
What are the prime factors of 1/((-2)/40)*(20 + -21)?
2, 5
Suppose 3*s + 13 - 4 = 0. Let d = -7 - s. List the prime factors of (d/1)/(2/(-4)).
2
Suppose 4*p - 29 = -3*v, -4*v + 2*p - 12 + 58 = 0. Suppose -a + v = 5. List the prime factors of a.
2, 3
Let v(r) = 167*r**2 - 2*r. List the prime factors of v(-1).
13
Let p = 179 - 126. What are the prime 